56 and 11136256?
656
What is the greatest common factor of 20 and 47790?
10
What is the highest common divisor of 3 and 1437?
3
What is the greatest common factor of 1650 and 5015175?
825
What is the highest common factor of 2068 and 1175?
47
What is the highest common divisor of 2437170 and 30?
30
Calculate the greatest common factor of 5770 and 30.
10
What is the highest common factor of 9040 and 22840?
40
Calculate the highest common factor of 990 and 196515.
495
What is the greatest common factor of 109686 and 8326?
362
What is the highest common factor of 1386 and 110097?
9
What is the highest common factor of 1992 and 363?
3
What is the greatest common factor of 3588 and 9594?
78
What is the greatest common factor of 10812 and 54537?
159
What is the highest common divisor of 440 and 63140?
220
Calculate the greatest common factor of 3483 and 43.
43
Calculate the greatest common divisor of 75240 and 1482.
114
What is the highest common divisor of 22463 and 14?
7
What is the highest common divisor of 180736 and 8?
8
Calculate the greatest common factor of 873 and 27.
9
Calculate the highest common divisor of 2193 and 6.
3
What is the highest common divisor of 2959 and 55?
11
What is the highest common divisor of 175 and 1981?
7
What is the greatest common divisor of 3 and 15161?
1
Calculate the greatest common divisor of 142 and 1417089.
71
Calculate the greatest common divisor of 345 and 1335.
15
Calculate the highest common factor of 10 and 57675.
5
Calculate the greatest common factor of 20 and 77620.
20
Calculate the highest common divisor of 108 and 2412108.
36
Calculate the highest common divisor of 1794 and 3136809.
897
Calculate the highest common divisor of 7458278 and 58.
58
Calculate the highest common divisor of 659 and 3183629.
659
What is the greatest common factor of 31395 and 25277?
161
Calculate the highest common factor of 15855 and 844543.
1057
What is the greatest common divisor of 810 and 44901?
27
Calculate the highest common divisor of 90118 and 5024.
314
What is the highest common factor of 975 and 32695?
65
Calculate the greatest common factor of 189 and 135972.
27
What is the greatest common factor of 786 and 18?
6
Calculate the greatest common divisor of 85925 and 175.
175
What is the greatest common divisor of 540 and 1105488?
108
Calculate the greatest common factor of 63744 and 1245.
249
Calculate the highest common factor of 576 and 108.
36
Calculate the greatest common divisor of 47421 and 297.
99
What is the greatest common divisor of 191888 and 179?
179
What is the highest common divisor of 254284 and 4?
4
Calculate the highest common factor of 858 and 2847.
39
Calculate the greatest common factor of 196582 and 4086.
454
Calculate the highest common divisor of 245 and 35595.
35
Calculate the highest common factor of 16 and 48596.
4
What is the greatest common factor of 18 and 296412?
6
Calculate the greatest common divisor of 6154 and 6698.
34
Calculate the greatest common factor of 136096 and 32.
32
What is the greatest common factor of 8151 and 131879?
209
What is the highest common factor of 1516 and 1147991?
379
What is the greatest common factor of 10 and 754010?
10
Calculate the greatest common divisor of 18177 and 365.
73
What is the highest common factor of 683107 and 76?
19
Calculate the greatest common divisor of 74 and 58.
2
Calculate the highest common divisor of 6491959 and 941.
941
What is the highest common factor of 217 and 757609?
31
What is the greatest common divisor of 6239275 and 35?
35
Calculate the highest common factor of 96012 and 2568.
12
What is the highest common factor of 10288 and 928?
16
Calculate the highest common divisor of 5945 and 5568.
29
What is the greatest common divisor of 20 and 96020?
20
What is the greatest common divisor of 84 and 131184?
12
What is the highest common divisor of 114 and 168891?
57
What is the highest common divisor of 42 and 273?
21
What is the greatest common divisor of 52 and 104494?
26
Calculate the greatest common divisor of 44 and 417901.
11
Calculate the greatest common divisor of 2106 and 13884.
78
Calculate the greatest common divisor of 2925 and 27690.
195
Calculate the greatest common divisor of 280539 and 1098.
549
Calculate the highest common factor of 34775 and 23075.
325
Calculate the greatest common divisor of 180200 and 265.
265
What is the greatest common factor of 312145 and 2298?
383
Calculate the greatest common factor of 5731 and 253.
11
Calculate the highest common factor of 341823 and 87.
87
Calculate the highest common factor of 627587 and 41.
41
Calculate the greatest common factor of 8 and 66344.
8
Calculate the greatest common factor of 516 and 309772.
172
What is the greatest common divisor of 1 and 18869?
1
Calculate the highest common divisor of 228827 and 46.
23
What is the greatest common factor of 3852 and 69764?
428
What is the greatest common factor of 47450 and 3285?
365
What is the highest common divisor of 67155 and 15?
15
Calculate the greatest common divisor of 16 and 12968.
8
What is the highest common factor of 18620 and 76?
76
What is the greatest common factor of 2898 and 85008?
966
Calculate the greatest common divisor of 112 and 4634392.
56
What is the greatest common divisor of 234 and 1129245?
39
Calculate the greatest common factor of 716080 and 80.
80
What is the highest common factor of 4095 and 5250?
105
What is the highest common divisor of 4557 and 882?
147
Calculate the highest common factor of 27130 and 110.
10
What is the greatest common factor of 1681773 and 43?
43
What is the greatest common factor of 588 and 354?
6
Calculate the greatest common divisor of 75 and 50.
25
What is the greatest common factor of 19472 and 256?
16
What is the highest common divisor of 1274 and 79282?
98
Calculate the highest common factor of 792 and 12474.
198
Calculate the greatest common factor of 15589 and 7.
7
What is the greatest common factor of 14592 and 360?
24
What is the greatest common divisor of 4494 and 36582?
42
What is the highest common divisor of 47508 and 740?
148
What is the highest common factor of 10335 and 3250?
65
What is the highest common divisor of 320 and 960?
320
What is the highest common divisor of 220467 and 39?
39
What is the highest common divisor of 6307176 and 218?
218
Calculate the highest common factor of 29104 and 2176.
272
What is the greatest common divisor of 100 and 976000?
100
Calculate the highest common divisor of 1808 and 772.
4
What is the greatest common divisor of 252 and 97764?
12
Calculate the highest common divisor of 4547950 and 275.
275
What is the highest common factor of 37 and 40071?
37
Calculate the greatest common divisor of 36 and 1489044.
12
Calculate the highest common divisor of 36093 and 477.
159
Calculate the greatest common divisor of 1653 and 3406833.
1653
What is the greatest common factor of 53304 and 120?
24
Calculate the highest common factor of 20 and 12565.
5
What is the greatest common divisor of 441 and 2403?
9
What is the greatest common divisor of 198 and 14598?
18
What is the highest common factor of 7541124 and 48?
12
What is the greatest common factor of 32601 and 3?
3
Calculate the greatest common divisor of 12100 and 11.
11
What is the greatest common factor of 2990 and 33605?
65
Calculate the highest common factor of 82 and 1162514.
82
Calculate the greatest common factor of 93960 and 1068.
12
Calculate the highest common factor of 92 and 148.
4
What is the greatest common divisor of 1425230 and 718?
718
Calculate the highest common factor of 2100 and 2121.
21
What is the greatest common divisor of 58 and 803213?
29
What is the greatest common factor of 13 and 927589?
13
What is the greatest common divisor of 9280 and 1240?
40
What is the highest common factor of 355720 and 5?
5
Calculate the greatest common factor of 215 and 9804.
43
What is the highest common divisor of 23712 and 176?
16
What is the highest common factor of 45800 and 340065?
1145
What is the greatest common divisor of 499595 and 815?
815
What is the highest common divisor of 430750 and 250?
250
What is the highest common divisor of 27232 and 245939?
851
Calculate the highest common divisor of 1188 and 24192.
108
Calculate the greatest common factor of 182